*v**2 + 5*v + 6. Let r be t(-5). Let w = -54 - r. What is the tens digit of ((-144)/40)/((-6)/w)?
2
What is the tens digit of ((-1047)/(-6) + 2)*(-1 - -23)?
8
What is the tens digit of (3 - 856)/(2 + -3)?
5
Suppose -5*a + 14190 = -55*u + 54*u, 0 = 5*a + 2*u - 14190. What is the thousands digit of a?
2
Let d = 200 - 80. What is the hundreds digit of d?
1
What is the hundreds digit of 4746 + (-5 - (8 - 7))?
7
Let y = 4 - 1. What is the units digit of (y - 171)/(-4) - 0?
2
Suppose -z + 1 = -0*z. Suppose 3 = m + z. Suppose h - m*s - 8 = -1, -4*h + s + 63 = 0. What is the units digit of h?
7
Suppose 0 = 3*b + 9, n + 15 = -4*b - 5. Let d(k) = -k**2 + k - 1. Let q(i) = -7*i**2 + i + 3. Let h(v) = 6*d(v) - q(v). What is the tens digit of h(n)?
1
What is the units digit of 120/(-100) - (-12764)/20?
7
Suppose 13*k + 3831 = 15791. What is the tens digit of k?
2
Let q(u) = -2*u**2 + 3*u. Let j be q(2). Let r be 1 - 3 - (-20 + j). Let o = r + -11. What is the units digit of o?
9
Suppose 2*d = 0, -4*x + 3333 + 4023 = -2*d. What is the tens digit of x?
3
Suppose 6*b + 12 = 36. Suppose -z - 13 = -t + 2*z, -3*t + 39 = -b*z. What is the units digit of t?
3
Suppose -2*u - 3*x + 206 = 0, x = 2*u - 4*x - 238. Let w = u - -123. What is the hundreds digit of w?
2
Let q(j) = j**3 - 15*j**2 + 13*j + 13. Let p be q(14). What is the tens digit of 23/(p + (-6)/(-5))?
1
Let n(q) = -4*q - 5. Let c be n(-2). Suppose c*y = -4*j - 2 + 62, 4*y - 5*j = 49. Suppose -r + y + 3 = 0. What is the tens digit of r?
1
Let d = 205 - 119. Let u = d - 59. What is the units digit of (1 + -2)*(-1 - u)?
8
Let n = 17 - 15. Suppose n*z = -2*z - 124. Let x = z - -53. What is the units digit of x?
2
Let s(j) = 121*j**2 - 5*j + 13. What is the tens digit of s(2)?
8
Let u be (-9)/54 + 3/18. Suppose 0 = 3*j + a - 245, 3*j - 2*a + 7*a - 229 = u. What is the tens digit of j?
8
Let s(q) = q**3 + 5*q**2 - q + 5. Let b be s(-5). Let a = -7 + b. Suppose a*m - 10 = 2. What is the units digit of m?
4
Let f(m) be the second derivative of m**3/2 + 3*m**2/2 - 5*m. Let d(o) = -o - 1. Let p(w) = -9*d(w) - 4*f(w). What is the tens digit of p(-6)?
1
Suppose 5*m + 398 = t, -3*t - t - 4*m + 1472 = 0. What is the units digit of t?
3
Suppose 8*l - 1257 = 5*l. What is the hundreds digit of l?
4
Suppose 70 = -3*o - z, 5*z = -4*o + 4 - 112. Let m = -61 - o. What is the tens digit of m*(1 - -2)/(-3)?
3
Let g = -2 - -4. Let z be 1*g/(0 + 2). What is the tens digit of (z*3)/(1/7)?
2
Let s(n) = -392*n - 8. Let h be s(-1). Suppose 37*l = 39*l - h. What is the tens digit of l?
9
Let u = -1683 + 3020. What is the thousands digit of u?
1
Suppose 8*b - 504 = -3*s + 5*b, 0 = 4*b. Let w be 4*3/6 + 7. What is the tens digit of (s/(-18))/((-6)/w)?
1
Let b(j) = j**2 - 5*j - 4. Let n be b(8). Suppose -2*u - n = 2*u. What is the units digit of (13 - 3)*(-16)/u?
2
Suppose -113 - 150 = -m. Suppose -34 = -3*b + m. What is the units digit of b?
9
Suppose 2*p = 15 - 3. What is the tens digit of ((-215)/15 + -1)/((-1)/p)?
9
Suppose -6*j + j - 250 = -5*w, -5*j - 106 = -2*w. What is the tens digit of w?
4
Let j(o) be the third derivative of 5*o**4/24 + 7*o**3/6 + o**2. Suppose 0 = 11*i - i - 60. What is the tens digit of j(i)?
3
Let r = -173 + 710. What is the hundreds digit of r?
5
Suppose 10 = -3*p - f - f, 3*p + 4*f = -20. Let h(y) = p*y - 6*y + 3*y + 3 - 2. What is the units digit of h(-5)?
6
Let s(c) = -c**3 - 3*c. Let r be s(-4). Suppose 4*l + 4*p = r - 8, 68 = 4*l + 3*p. Suppose -o - 3 = -l. What is the units digit of o?
4
Let n = 55 - 51. Suppose -i + 25 = 5*s - 12, -n*s - 187 = -3*i. What is the units digit of i?
7
Suppose -2*i = -0*i - 8. Let q(f) = -6*f + 57. Let z be q(9). Suppose 1 = -z*s - 2*y + 132, 172 = i*s + 4*y. What is the units digit of s?
5
Let w(s) = -119 - 6*s**3 + 2*s - 9*s**3 - 8*s**3 + 120. What is the units digit of w(-1)?
2
Let h(u) = u**2 - 8*u + 3. Let r be h(8). Suppose -3*q - q - 4*m = -96, -r*q - 4*m = -68. What is the tens digit of q?
2
Suppose -3*z + 4*n + 9894 = 0, 5*z - 3*n = 11620 + 4859. What is the thousands digit of z?
3
What is the units digit of (1 - 0)/(-3 - 8281/(-2758))?
4
Let a = -182 + 847. Suppose u = 8*u - a. What is the tens digit of u?
9
Suppose 18330 = 6*n - 264. What is the units digit of n?
9
Let b be (-14)/(-63) - 2902/18. Let o = 337 + b. What is the hundreds digit of o?
1
Let z = -101 - -594. What is the hundreds digit of z?
4
Let i = 10 + -6. Suppose -2*b + 3*c = -158, -i*c = b + 12 - 69. What is the units digit of b?
3
Let d(z) = -z**3 - 4*z**2 + 5*z + 4. Let b be d(-5). Suppose 4*v = 2*v + 2*c + 32, -b*c = 4*v - 72. Let q = v - -14. What is the units digit of q?
1
Suppose 2*i - 4*i - 1 = 5*g, 5*g = 3*i - 11. Suppose -i*y + 84 = 4*y. What is the tens digit of y?
1
Let t(r) = 5*r**2 + 2*r - 5. Let o(h) = -6*h**2 - 3*h + 5. Let m(q) = 4*o(q) + 5*t(q). What is the units digit of m(5)?
0
Let z be 2/(-2 + 32/12). Suppose 0 = -z*q - 2*x - x, -2*q = -5*x. Suppose -2*v + 7*v - 180 = q. What is the units digit of v?
6
Suppose -5*n - 2*q = -1069, -41*q + 44*q + 9 = 0. What is the tens digit of n?
1
Let m = 133 - -53. What is the tens digit of m?
8
What is the hundreds digit of -2*(-5)/40*(-84592)/(-4)?
2
Suppose -4*g + 56 = 3*o, 0 = -0*o + o + g - 19. Suppose o*u - 11*u = 1170. What is the units digit of u?
0
Suppose -525 = -4*w + 51. Let p = w - 73. Let c = p + -43. What is the units digit of c?
8
Suppose -4908 = -47*a + 35*a. What is the units digit of a?
9
Let c = 76 - 73. Suppose 0 = -r + c*x - 7*x + 63, 5*x - 135 = -2*r. What is the units digit of r?
5
Suppose p = -5*f + 3*p + 14, -4*f + 18 = -5*p. Suppose -3*j = -2*j - 5. Suppose -f*m = d - 36, 93 = -j*d - 2*m + 289. What is the units digit of d?
0
Let x = 22 + 419. What is the units digit of x?
1
Let g(f) = f**3 + 5*f**2 - 7*f - 12. Let l be g(-9). Let k = -157 - l. What is the tens digit of k?
1
Suppose 17*y + 400 = 22*y. What is the tens digit of y?
8
Let r = -8 - -13. Suppose -5*c - r = -0. What is the units digit of (1/2*-10)/c?
5
Let g(z) = -227*z - 107. What is the thousands digit of g(-8)?
1
Let k(z) = -z**3 + z + 419. Let a be k(0). Let i = -161 + a. Suppose i = 5*c + 33. What is the tens digit of c?
4
Let o = -5764 + 10006. What is the hundreds digit of o?
2
Let w = -1510 + 2393. What is the tens digit of w?
8
Let u be (9*-1)/(0 + 1). Let z = u + 9. What is the tens digit of (-144)/(-4 - z) - 4?
3
What is the units digit of 58*(-121)/(-6) + (-12)/(-9)?
1
Let a(i) = -i**3 + 17*i**2 - 21*i + 145. What is the units digit of a(7)?
8
Let s = 452 + 202. What is the hundreds digit of s?
6
Let h be 6/(60/25)*-24. Let u = -25 - h. What is the tens digit of u?
3
Suppose -10 = -5*k, c + 18 = 6*c + 4*k. Suppose t = c*l - 1, 4*l - 2*t = 2*l - 4. Suppose 0*b - l*b - d = -61, 3*d = 4*b - 77. What is the units digit of b?
0
Let s(n) = -65*n - 110. Let c(y) = -13*y - 22. Let i(u) = -11*c(u) + 2*s(u). What is the units digit of i(5)?
7
Let c(g) be the third derivative of -5*g**4/12 + 13*g**3/3 + 7*g**2. What is the tens digit of c(-7)?
9
Let q(f) = -13*f - 83. Let w be q(5). Let k = -121 - w. What is the units digit of k?
7
Suppose -b = s - 392, -1408 = -5*b + 5*s + 512. What is the hundreds digit of b?
3
What is the hundreds digit of (-2708)/(-3) + (-56)/(-168)?
9
Suppose h - 5 = -16. Let k(i) = -7*i + 3. Let o(r) = -36*r + 16. Let q(g) = h*k(g) + 2*o(g). What is the tens digit of q(11)?
5
What is the units digit of -4 - (24/(-108) - (-4894)/(-9))?
0
Suppose 46*z - 34947 - 22967 = 0. What is the tens digit of z?
5
Let v be (-4)/(-6) - 34/6. Suppose 0 = 2*j + 2*w - 10, 3*w = 3*j - 4*j - 1. What is the units digit of j/(-8)*v/1?
5
Suppose -3*b + 263 = 2*c - 231, b = -2*c + 486. What is the tens digit of c?
4
Let r(a) = -a**3 + 11*a**2 + 14*a + 10. Let t be r(11). Suppose 4*s - t = 156. Let n = -43 + s. What is the tens digit of n?
3
Let l(b) = 17*b + 2. Let q be l(-6). Let x be 11/(q/(-32) + -3). Let m = x - 52. What is the units digit of m?
6
Suppose 0 = t - 57 - 466. What is the tens digit of t?
2
Let j(a) = -a**3 + 8*a**2 + 2*a - 10. Let d(i) be the second derivative of i**4/12 + 11*i**3/6 - 9*i**2 + 7*i. Let o be d(-13). What is the units digit of j(o)?
6
Suppose 1001 + 4193 = 7*o. What is the tens digit of o?
4
Suppose 12*n - 217 = 7799